{"id":534,"date":"2019-04-01T09:09:37","date_gmt":"2019-04-01T09:09:37","guid":{"rendered":"http:\/\/suntextil.de\/?page_id=534"},"modified":"2019-04-01T09:30:41","modified_gmt":"2019-04-01T09:30:41","slug":"impressum","status":"publish","type":"page","link":"https:\/\/suntextil.de\/index.php\/impressum\/","title":{"rendered":"Impressum &#038; Disclaimer"},"content":{"rendered":"\n<h2 class=\"wp-block-heading\"><strong>Impressum &amp; Disclaimer<\/strong><\/h2>\n\n\n\n<div style=\"height:24px\" aria-hidden=\"true\" class=\"wp-block-spacer\"><\/div>\n\n\n\n<p><strong>SunTextil GmbH &amp; Co. KG<\/strong><br>\nAm Teiche 5<br>\n99095 Erfurt Stotternheim<\/p>\n\n\n\n<p><strong>Telefon:&nbsp;<\/strong>036204 &#8211; 719914<\/p>\n\n\n\n<p><strong>E-Mail:&nbsp;<\/strong><a href=\"mailto:info@suntextil.de\">info@suntextil.de<\/a><\/p>\n\n\n\n<h3 class=\"wp-block-heading\"><strong>Rechtliche Angaben<\/strong><\/h3>\n\n\n\n<p><strong>Gesch\u00e4ftsf\u00fchrer:&nbsp;<\/strong>Thomas Wollner<\/p>\n\n\n\n<p><strong>Handelsregister:&nbsp;<\/strong>Amtsgericht Jena, HRA 102295<\/p>\n\n\n\n<h3 class=\"wp-block-heading\"><strong>Hosting &amp; Webdesign<\/strong><\/h3>\n\n\n\n<p>GWW Medientechnik GmbH &amp; Co. KG,&nbsp;<a rel=\"noreferrer noopener\" href=\"http:\/\/www.gww-medientechnik.de\/\" target=\"_blank\">www.gww-medientechnik.de<\/a><br> <strong>Bilder:<\/strong> Durach, Drapilux, Markilux<\/p>\n\n\n\n<p><strong>Copyright:<\/strong><br>\nAlles auf diesen Seiten verwendete Bild- und Textmaterial, sowie der SunTextil\nGmbH &amp; Co. KG-Schriftzug und das Logo sind Eigentum von SunTextil GmbH\n&amp; Co. KG beziehungsweise unterliegt dem Urheberrecht der rechtm\u00e4\u00dfigen\nEigent\u00fcmer. Bei Interesse der Nutzung auf anderen Seiten ist zuvor Absprache\nmit SunTextil GmbH &amp; Co. KG zu halten.<\/p>\n\n\n\n<h2 class=\"wp-block-heading\"><strong>Disclaimer<\/strong><\/h2>\n\n\n\n<div style=\"height:24px\" aria-hidden=\"true\" class=\"wp-block-spacer\"><\/div>\n\n\n\n<p><strong>1. Inhalt des Onlineangebotes<\/strong><br>\nDer Autor \u00fcbernimmt keinerlei Gew\u00e4hr f\u00fcr die Aktualit\u00e4t, Korrektheit,\nVollst\u00e4ndigkeit oder Qualit\u00e4t der bereitgestellten Informationen.\nHaftungsanspr\u00fcche gegen den Autor, welche sich auf Sch\u00e4den materieller oder\nideeller Art beziehen, die durch die Nutzung oder Nichtnutzung der dargebotenen\nInformationen bzw. durch die Nutzung fehlerhafter und unvollst\u00e4ndiger\nInformationen verursacht wurden, sind grunds\u00e4tzlich ausgeschlossen, sofern\nseitens des Autors kein nachweislich vors\u00e4tzliches oder grob fahrl\u00e4ssiges\nVerschulden vorliegt.<br>\nAlle Angebote sind freibleibend und unverbindlich. Der Autor beh\u00e4lt es sich\nausdr\u00fccklich vor, Teile der Seiten oder das gesamte Angebot ohne gesonderte\nAnk\u00fcndigung zu ver\u00e4ndern, zu erg\u00e4nzen, zu l\u00f6schen oder die Ver\u00f6ffentlichung\nzeitweise oder endg\u00fcltig einzustellen.<\/p>\n\n\n\n<p><strong>2. Verweise und Links<\/strong><br>\nBei direkten oder indirekten Verweisen auf fremde Webseiten\n(&#8222;Hyperlinks&#8220;), die au\u00dferhalb des Verantwortungsbereiches des Autors\nliegen, w\u00fcrde eine Haftungsverpflichtung ausschlie\u00dflich in dem Fall in Kraft\ntreten, in dem der Autor von den Inhalten Kenntnis hat und es ihm technisch\nm\u00f6glich und zumutbar w\u00e4re, die Nutzung im Falle rechtswidriger Inhalte zu\nverhindern.<br>\nDer Autor erkl\u00e4rt hiermit ausdr\u00fccklich, dass zum Zeitpunkt der Linksetzung\nkeine illegalen Inhalte auf den zu verlinkenden Seiten erkennbar waren. Auf die\naktuelle und zuk\u00fcnftige Gestaltung, die Inhalte oder die Urheberschaft der\ngelinkten\/verkn\u00fcpften Seiten hat der Autor keinerlei Einfluss. Deshalb\ndistanziert er sich hiermit ausdr\u00fccklich von allen Inhalten aller gelinkten\n\/verkn\u00fcpften Seiten, die nach der Linksetzung ver\u00e4ndert wurden. Diese\nFeststellung gilt f\u00fcr alle innerhalb des eigenen Internetangebotes gesetzten\nLinks und Verweise sowie f\u00fcr Fremdeintr\u00e4ge in vom Autor eingerichteten\nG\u00e4steb\u00fcchern, Diskussionsforen und Mailinglisten. F\u00fcr illegale, fehlerhafte\noder unvollst\u00e4ndige Inhalte und insbesondere f\u00fcr Sch\u00e4den, die aus der Nutzung\noder Nichtnutzung solcherart dargebotener Informationen entstehen, haftet\nallein der Anbieter der Seite, auf welche verwiesen wurde, nicht derjenige, der\n\u00fcber Links auf die jeweilige Ver\u00f6ffentlichung lediglich verweist.<\/p>\n\n\n\n<p><strong>3. Urheber- und Kennzeichenrecht<\/strong><br>\nDer Autor ist bestrebt, in allen Publikationen die Urheberrechte der\nverwendeten Grafiken, Tondokumente, Videosequenzen und Texte zu beachten, von\nihm selbst erstellte Grafiken, Tondokumente, Videosequenzen und Texte zu nutzen\noder auf lizenzfreie Grafiken, Tondokumente, Videosequenzen und Texte\nzur\u00fcckzugreifen.<br>\nAlle innerhalb des Internetangebotes genannten und ggf. durch Dritte\ngesch\u00fctzten Marken- und Warenzeichen unterliegen uneingeschr\u00e4nkt den\nBestimmungen des jeweils g\u00fcltigen Kennzeichenrechts und den Besitzrechten der\njeweiligen eingetragenen Eigent\u00fcmer. Allein aufgrund der blo\u00dfen Nennung ist\nnicht der Schluss zu ziehen, dass Markenzeichen nicht durch Rechte Dritter\ngesch\u00fctzt sind!<br>\nDas Copyright f\u00fcr ver\u00f6ffentlichte, vom Autor selbst erstellte Objekte bleibt\nallein beim Autor der Seiten. Eine Vervielf\u00e4ltigung oder Verwendung solcher\nGrafiken, Tondokumente, Videosequenzen und Texte in anderen elektronischen oder\ngedruckten Publikationen ist ohne ausdr\u00fcckliche Zustimmung des Autors nicht\ngestattet.<\/p>\n\n\n\n<p><strong>4. Datenschutz<\/strong><br>\nSofern innerhalb des Internetangebotes die M\u00f6glichkeit zur Eingabe pers\u00f6nlicher\noder gesch\u00e4ftlicher Daten (Emailadressen, Namen, Anschriften) besteht, so\nerfolgt die Preisgabe dieser Daten seitens des Nutzers auf ausdr\u00fccklich\nfreiwilliger Basis. Die Inanspruchnahme und Bezahlung aller angebotenen Dienste\nist &#8211; soweit technisch m\u00f6glich und zumutbar &#8211; auch ohne Angabe solcher Daten\nbzw. unter Angabe anonymisierter Daten oder eines Pseudonyms gestattet. Die\nNutzung der im Rahmen des Impressums oder vergleichbarer Angaben\nver\u00f6ffentlichten Kontaktdaten wie Postanschriften, Telefon- und Faxnummern\nsowie Emailadressen durch Dritte zur \u00dcbersendung von nicht ausdr\u00fccklich\nangeforderten Informationen ist nicht gestattet. Rechtliche Schritte gegen die\nVersender von sogenannten Spam-Mails bei Verst\u00f6\u00dfen gegen dieses Verbot sind\nausdr\u00fccklich vorbehalten.<\/p>\n\n\n\n<p><strong>5. Rechtswirksamkeit dieses Haftungsausschlusses<\/strong><br>\nDieser Haftungsausschluss ist als Teil des Internetangebotes zu betrachten, von\ndem aus auf diese Seite verwiesen wurde. Sofern Teile oder einzelne\nFormulierungen dieses Textes der geltenden Rechtslage nicht, nicht mehr oder\nnicht vollst\u00e4ndig entsprechen sollten, bleiben die \u00fcbrigen Teile des Dokumentes\nin ihrem Inhalt und ihrer G\u00fcltigkeit davon unber\u00fchrt.<\/p>\n","protected":false},"excerpt":{"rendered":"<p>Impressum &amp; Disclaimer SunTextil GmbH &amp; Co. KG Am Teiche 5 99095 Erfurt Stotternheim Telefon:&nbsp;036204 &#8211; 719914 E-Mail:&nbsp;info@suntextil.de Rechtliche Angaben Gesch\u00e4ftsf\u00fchrer:&nbsp;Thomas Wollner Handelsregister:&nbsp;Amtsgericht Jena, HRA 102295 Hosting &amp; Webdesign GWW Medientechnik GmbH &amp; Co. KG,&nbsp;www.gww-medientechnik.de Bilder: Durach, Drapilux, Markilux Copyright: Alles auf diesen Seiten verwendete Bild- und Textmaterial, sowie der SunTextil GmbH &amp; Co. KG-Schriftzug [&hellip;]<\/p>\n","protected":false},"author":2,"featured_media":0,"parent":0,"menu_order":0,"comment_status":"closed","ping_status":"closed","template":"","meta":{"footnotes":""},"_links":{"self":[{"href":"https:\/\/suntextil.de\/index.php\/wp-json\/wp\/v2\/pages\/534"}],"collection":[{"href":"https:\/\/suntextil.de\/index.php\/wp-json\/wp\/v2\/pages"}],"about":[{"href":"https:\/\/suntextil.de\/index.php\/wp-json\/wp\/v2\/types\/page"}],"author":[{"embeddable":true,"href":"https:\/\/suntextil.de\/index.php\/wp-json\/wp\/v2\/users\/2"}],"replies":[{"embeddable":true,"href":"https:\/\/suntextil.de\/index.php\/wp-json\/wp\/v2\/comments?post=534"}],"version-history":[{"count":7,"href":"https:\/\/suntextil.de\/index.php\/wp-json\/wp\/v2\/pages\/534\/revisions"}],"predecessor-version":[{"id":549,"href":"https:\/\/suntextil.de\/index.php\/wp-json\/wp\/v2\/pages\/534\/revisions\/549"}],"wp:attachment":[{"href":"https:\/\/suntextil.de\/index.php\/wp-json\/wp\/v2\/media?parent=534"}],"curies":[{"name":"wp","href":"https:\/\/api.w.org\/{rel}","templated":true}]}}